40 + 38 + -3 + (129 - 129)?
75
-19 + (4 + 24 - 10) + (0 - -5)
4
What is the value of (-44 - -65) + -30 - 43?
-52
Calculate (20 - (-20 - -68) - -27 - (-11 + -2)) + 36.
48
Evaluate 37 - (24 - -102) - -18.
-71
Evaluate -12 - 1 - (-77 + (-78 - -50) + 27).
65
-457 + 225 + 246 + -95
-81
(59 - (27 + 29)) + 1 + -1 + -29 + -6
-32
Calculate 22 - -1 - (146 + (-200 - -56)).
21
What is 13712 + -13616 - (0 - -196)?
-100
What is 4 + -2 + -2 + 1 + (733 - 734) - -62?
62
What is the value of -56 - (51 - 61 - -23)?
-69
Evaluate 7 + (29 - 35 - (19 + 0)).
-18
Evaluate 57 + 27 + -129 - -23.
-22
What is -77 + 1 + (671 + -329 - 313)?
-47
What is (8 + 6 - 12) + -1 + -1 + -23 + 48?
25
(-7 - -16) + 3 + (14 - (12 + 2)) + -11
1
Evaluate ((0 - 13) + 21 - 26) + -45 + -27.
-90
Calculate 128 - (182 + 28) - (-32 - 2).
-48
Evaluate 31 + (63 + -43 + 78 - 26).
103
What is 86 + -39 + (8 - 35)?
20
Evaluate 378 - 472 - (-2 + -7 + 5 + 2).
-92
(-4 - -24) + -104 + 122 + -27
11
What is the value of 29 - (39 - (3 - -7) - -6)?
-6
Evaluate (2117 - 2220) + (-4 - -110).
3
18 + 22 + -30 - (2 + -5 + -48)
61
(0 - 13) + -4 - (-7 + -10 + -16)
16
What is 42 + -11 + (11 + -7 - (-8 - -9)) + 10?
44
4 + (-24 - -5) + 4 + -13 + (13 - -40)
29
What is the value of (-21 + 2 - -1) + (-29 - (265 + -273))?
-39
39 + 7 + -10 - 8
28
What is -2 + 9 + 679 + -690 + (1 - 64) + 4?
-63
-162 + 166 + 0 + 3 + 1
8
What is (2422 - 2659) + (0 - -119)?
-118
(-58 - -55) + (3 - 4 - (4 + (5 - -66)))
-79
What is the value of -13 + 57 + -45 - (-14 + -1 + 1)?
13
Evaluate 1 + -9 + (123 - 171) + -1.
-57
5 + 77 - (-341 + 399)
24
What is the value of 16 + (-12 + (-9 - -14) - -8) - (-1 + -5)?
23
Calculate 18 - (10 - (-8 - (-19 + -11 + -12 + 18))).
24
-41 - -1 - (-1206 + 1185) - 76
-95
-9 + (0 + -15 + -1 - (-243 + 240))
-22
What is the value of (3 - (-4 + (2 - 5))) + (-5 - (-7 - 4))?
16
What is the value of -56 + 9 + 60 + 29?
42
What is the value of 14 + 25 + (3 - (19 + 2))?
21
-10 + 16 + 23 + (6 - 1) + -1
33
What is the value of -99 - (-26 - (134 - -69))?
130
Evaluate -3 + -16 - ((9 - -11) + -5 + 5 + -20).
-19
Calculate 29 + (-5 - (20 + -13)) + -8 + 18.
27
What is 11 + (-2 + -7 - (18 - 11)) + 6?
1
2 - 2 - (-63 + 58 + -66)
71
What is the value of 15 + -35 + 7 - -47 - (7 - -1)?
26
What is the value of 0 + 15 + 0 + -3732 + 3817?
100
Calculate 5 - ((13 - -2) + -11) - 57.
-56
Calculate 26 + -86 + (-72 - -93).
-39
Evaluate -74 + (-7 - -13) + (-41 - -44).
-65
What is the value of -7 + (-9 - -6 - 0) + (-7 - -8)?
-9
What is -32 + 47 + (34 - (8 + -1 + 6))?
36
What is -142 + 53 + 95 - (-15 + 2 + -3)?
22
(1 - (0 + 0)) + -5 - (-59 + 51 - 20)
24
14 + (-48 - (-1 - -12)) - (-6 + -1)
-38
What is the value of 123 - ((11 + 8 + -30 - -11) + 23)?
100
Calculate -2 + -44 - -33 - (-1 + 1 - 3 - -63).
-73
Evaluate -759 + 764 - (2 + -4 + 6).
1
Evaluate (-217 - -143) + 109 + 17 + 2.
54
0 + -13 + (41 - (16 + 0)) - 66
-54
Evaluate 5 + (16 - 40 - -63) + 13.
57
What is -1391 - -1418 - (1 - -38)?
-12
Evaluate -4609 + 4500 - (-28 - 0).
-81
What is -75 - ((0 + 10 - (-43 + 39)) + (49 - 73))?
-65
Calculate -154 + 149 + (-1 + 6 - -65 - -8).
73
Evaluate 124 + -108 + -10 + (-1 - -4) + -2 + 6.
13
What is the value of (41 - 29) + (3 - 3) + (-20 - 1)?
-9
Evaluate -2 - (-18 + 17 + 14 + 4).
-19
What is the value of -34 - (-3 + (7 + -18 - -9 - 4))?
-25
What is the value of (72 - (5 - 0)) + 2 - (-8 + -7 + 4)?
80
What is the value of 1 - (-1 - -81) - (-47 + 14 + -11 + 38)?
-73
What is the value of 39 + -51 - (4 - 5 - ((-58 - 7) + -4))?
-80
What is (3 + -1 - 12) + 2890 + -2867?
13
What is the value of (-19 + 11 + -11 - -7) + -1 + 0?
-13
What is the value of -35 - (-202 + 28 - -44)?
95
What is -8 + (11 - (-4 - (-9 - (-12 - -19))))?
-9
What is 64 + -67 + (-7 + 1 - -9) + -28?
-28
What is the value of 15 + (61 - (45 - -7))?
24
What is 181 + -57 - (12 + -16 + -2 + 16)?
114
What is 85 + 105 + -203 + 6?
-7
What is the value of 0 + -27 + -25 + (12 - 35)?
-75
Calculate -42 - ((3 - 56) + 26).
-15
What is (36 - 42) + -1 + -12 + 11 + (-3 - -78)?
67
Evaluate 1 + 0 + -14 + 37 + (18 + -45 - 17).
-20
11 - (-1 + -10) - (-22 + -20)
64
Evaluate -85 + 8 + -2 + 26.
-53
What is the value of -8 + -2 + (15 + -45 + 14 - -24 - -66)?
64
-6 - (0 + (16 - 1 - 11))
-10
What is the value of 8 + (-4 - (-10 - -14)) + 18 + 10?
28
What is the value of (-2 - ((-141 - (-14 + 2)) + (3 - -4))) + -12?
108
Calculate -6 - 2 - (-12 + 0 - (4 - (-50 + 6))).
52
Evaluate -92 - (1 + -17 - -2 - -42).
-120
Calculate (1 - (-10 + 19 - -4)) + (-1 - -4 - -7).
-2
What is 14 - ((-59 - -4) + 30)?
39
Evaluate (42 - (-5 + 31)) + (3 - 14).
5
What is -66 + 1 + (-22 - -18) + (-2 - 4) + 3?
-72
(-24 - -7) + (-29 + 10 - -28)
-8
Calculate -38 + -19 + 37 + -1 + -9.
-30
Evaluate -52 - (13 + (50 - 71)).
-44
What is -1 + 4 + 28 - (20 - (9 - -1 - -17))?
38
What is -65 + (-25 - (1 - 46))?
-45
Evaluate -82 - (36 + -144) - -76.
102
What is the value of (0 - -1 - (-1 - (11 + -61))) + (7 - 14)?
-55
What is -1295 + 1307 - (89 - 8)?
-69
What is the value of (-2 + 17 - (0 - -4)) + -38?
-27
Evaluate 416 - 374 - (3 + -27).
66
What is the value of 15 + -65 - (2 + 2 - (16 + -10))?
-48
What is -125 - ((14 - 5 - 0 - (60 - 38)) + 23)?
-135
(73 - (-62 - -113)) + 56
78
What is the value of -24 - (2 + -14) - (-1 + -14) - 3?
0
Evaluate -20 + -25 + 55 + (-1 - 60 - (-1 + 3)).
-53
What is 0 - (3 - -18) - (-525 - -465)?
39
Calculate -44 + 63 + -23 + (7 - -2 - 2) - -10.
13
Evaluate 54 - (-2 + 15 - -7) - -14.
48
What is -100 + 162 + -138 - 14?
-90
Evaluate (75 - (-24 - (4 - -6))) + (-15 - 0).
94
What is the value of 55 - (75 + -176 + 153)?
3
What is -21 + 27 + (17 - -112)?
135
What is -13 + 63 + 14 + -6 + -4 + 2?
56
Calculate 77 + -35 + (115 - 157).
0
-36 - (35 + (-29 - 21) + -34)
13
Evaluate (38 - (-42 - -31)) + -4 - (1 - 2).
46
Evaluate 38 + (-58 - -7) + (-1 - 0) - -1.
-13
What is -11 + -3 - -64 - (-3 - ((-2 - 9) + -3))?
39
What is the value of -107 + (56 - (2 - -6))?
-59
Calculate 84 + (8 + 18 - (49 + -2)).
63
-39 + (-28 - -46) + (-4 - -8) + -5
-22
What is 0 + 7 + -6 + 103 + -132 - 14?
-42
What is -14 - (-24 - -1) - ((5 - -24) + 0)?
-20
What is 49 - (-32 + 113 + -137)?
105
Evaluate 10 - (1 - -9) - (-684 + 621).
63
What is (98 - 90) + -3 + -86 - -24?
-57
13 - (1024 - 1045 - (4 - 2 - -69))
105
Evaluate 54 - ((6 - (9 + -12)) + 9 + (-17 - -5)).
48
What is the value of -41 + (-12 - -18 - -12)?
-23
(-2 - (7 - -1)) + (-20 - (117 - 146))
-1
Evaluate 8 - 44 - (-34 + 14 + -1).
-15
What is the value of -114 + 41 + 30 - -6?
-37
What is the value of 16 - (-10 - (4 + -14) - -53)?
-37
What is -9 + -8 + 6 + -21 - 61?
-93
(6 + 2 + -2 - -2) + -168 + 408 + -235
13
Evaluate 10 + -13 + -4 + (-38 - -7).
-38
Evaluate 21 + -1 + 4 + (-71 - -59).
12
(-1 - (-5 - -32)) + (153 - 178)
-53
Evaluate -2 + 2 + -49 + -8 + 50.
-7
Evaluate (23 + -22 + 3 - 13) + 17 - 68.
-60
What is -130 + 110 + 24 + (42 - (-2 - -1))?
47
-36 + (6 - -6 - (-22 + 56 + -13))
-45
What is 0 + -6 + 19 + -36 + 23 - 4?
-4
What is the value of 51 + -21 + -62 + 50 + 0?
18
What is the value of -24 + -8 + -21 + (30 - 8)?
-31
98 - (24 - (-48 + 16))
42
-11 + -117 - (-322 - -311)
-117
(-24 - (1 - -5)) + -10
-40
What is the value of (6 + 164 - 78) + -118?
-26
Calculate 3 + (-1 - -29) - (155 - 160 - (1 - 7)).
30
Calculate (-28 - (-45 + -13) - 56) + 94.
68
22 - (-5 - 7) - 22
12
What is (-70 - -79) + (5 - -2) + -1?
15
What is -13 + 25 + -5 + 9 + -14 + -2?
0
4 + (-1 - 0 - (70 - 84)) + -129 + -5
-117
What is -64 + -39 + 14 - 9?
-98
-100 + (-10 - 21) + (7 - -10) + 24
-90
Evaluate (32 + 7 - 63) + (13 - (-2 + 4)).
-13
Calculate -57 - (-40 + 13 + 15).
-45
What is the value of 38 - (12 + 14 + 26 - 15)?
1
Evaluate -15 + (-14 - (-12 - ((0 - 2) + (-11 - -9)))).
-21
What is the value of 100 - (-47 + 37 + -38 + 65)?
83
6 - 139 - (69 + -102 + -3)
-97
Calculate 7 + -39 + 71 + (49 - 26).
62
What is 158 + -164 - ((-2 - -3) + -1) - (6 + -9)?
-3
What is the value of 1 + 136 - 1 - (60 - (-21 + 85)) - 1?
139
What is -23 + 35 + (43 + -18 - 10)?
27
What is the value of (22 - -7) + -24 - (-31 + 99)?
-63
Calculate (4 - 79) + 92 + -127 + 19.
-91
What is 32 + (33 + -104 - -36)?
-3
What is (2 - 0) + (-94 - -166) + -66?
8
-34 - (0 + 24 + 1211 + -1296)
27
Evaluate -21 + (-12 + 1 + 8 + 7 + -2 - 6).
-25
Calculate 18 + (-18 - (-69 - -12)).
57
6 - (3 - -1) - -2 - (162 - 119)
-